{"id":121,"date":"2021-09-11T22:21:37","date_gmt":"2021-09-11T22:21:37","guid":{"rendered":"https:\/\/demo.gloriathemes.com\/loquet\/demo\/?page_id=121"},"modified":"2025-05-12T07:28:20","modified_gmt":"2025-05-12T07:28:20","slug":"faq","status":"publish","type":"page","link":"https:\/\/2025.nova.theater\/?page_id=121","title":{"rendered":"FAQ"},"content":{"rendered":"\t\t<div data-elementor-type=\"wp-page\" data-elementor-id=\"121\" class=\"elementor elementor-121\">\n\t\t\t\t\t\t<section class=\"elementor-section elementor-top-section elementor-element elementor-element-943a744 elementor-section-boxed elementor-section-height-default elementor-section-height-default\" data-id=\"943a744\" data-element_type=\"section\">\n\t\t\t\t\t\t<div class=\"elementor-container elementor-column-gap-no\">\n\t\t\t\t\t<div class=\"elementor-column elementor-col-100 elementor-top-column elementor-element elementor-element-80a70ce\" data-id=\"80a70ce\" data-element_type=\"column\">\n\t\t\t<div class=\"elementor-widget-wrap\">\n\t\t\t\t\t\t\t<\/div>\n\t\t<\/div>\n\t\t\t\t\t<\/div>\n\t\t<\/section>\n\t\t\t\t<section class=\"elementor-section elementor-top-section elementor-element elementor-element-5d7d699 elementor-section-boxed elementor-section-height-default elementor-section-height-default\" data-id=\"5d7d699\" data-element_type=\"section\">\n\t\t\t\t\t\t<div class=\"elementor-container elementor-column-gap-no\">\n\t\t\t\t\t<div class=\"elementor-column elementor-col-50 elementor-top-column elementor-element elementor-element-88150b4\" data-id=\"88150b4\" data-element_type=\"column\">\n\t\t\t<div class=\"elementor-widget-wrap elementor-element-populated\">\n\t\t\t\t\t\t<div class=\"elementor-element elementor-element-fa730c0 elementor-widget elementor-widget-image\" data-id=\"fa730c0\" data-element_type=\"widget\" data-widget_type=\"image.default\">\n\t\t\t\t<div class=\"elementor-widget-container\">\n\t\t\t\t\t\t\t\t\t\t\t\t\t\t\t<img fetchpriority=\"high\" decoding=\"async\" width=\"640\" height=\"770\" src=\"https:\/\/2025.nova.theater\/wp-content\/uploads\/2025\/05\/NOVA-FAQ-640x770.jpeg\" class=\"attachment-loquet-museum-4 size-loquet-museum-4 wp-image-8251\" alt=\"NOVA.Pf\u00e4ffikon\" \/>\t\t\t\t\t\t\t\t\t\t\t\t\t\t\t<\/div>\n\t\t\t\t<\/div>\n\t\t\t\t\t<\/div>\n\t\t<\/div>\n\t\t\t\t<div class=\"elementor-column elementor-col-50 elementor-top-column elementor-element elementor-element-23be7ce\" data-id=\"23be7ce\" data-element_type=\"column\">\n\t\t\t<div class=\"elementor-widget-wrap elementor-element-populated\">\n\t\t\t\t\t\t<div class=\"elementor-element elementor-element-8376412 elementor-widget elementor-widget-accordion\" data-id=\"8376412\" data-element_type=\"widget\" data-widget_type=\"accordion.default\">\n\t\t\t\t<div class=\"elementor-widget-container\">\n\t\t\t\t\t\t\t<div class=\"elementor-accordion\">\n\t\t\t\t\t\t\t<div class=\"elementor-accordion-item\">\n\t\t\t\t\t<div id=\"elementor-tab-title-1371\" class=\"elementor-tab-title\" data-tab=\"1\" role=\"button\" aria-controls=\"elementor-tab-content-1371\" aria-expanded=\"false\">\n\t\t\t\t\t\t\t\t\t\t\t\t\t<span class=\"elementor-accordion-icon elementor-accordion-icon-right\" aria-hidden=\"true\">\n\t\t\t\t\t\t\t\t\t\t\t\t\t\t\t<span class=\"elementor-accordion-icon-closed\"><i class=\"fas fa-chevron-down\"><\/i><\/span>\n\t\t\t\t\t\t\t\t<span class=\"elementor-accordion-icon-opened\"><i class=\"fas fa-chevron-up\"><\/i><\/span>\n\t\t\t\t\t\t\t\t\t\t\t\t\t\t<\/span>\n\t\t\t\t\t\t\t\t\t\t\t\t<a class=\"elementor-accordion-title\" tabindex=\"0\">ANREISE MIT DEM \u00d6FFENTLICHEN VERKEHR<\/a>\n\t\t\t\t\t<\/div>\n\t\t\t\t\t<div id=\"elementor-tab-content-1371\" class=\"elementor-tab-content elementor-clearfix\" data-tab=\"1\" role=\"region\" aria-labelledby=\"elementor-tab-title-1371\"><p>Das NOVA.Theater ist in nur 5 min. zu Fuss vom Bahnhof Pf\u00e4ffikon (ZH) erreichbar.<\/p><\/div>\n\t\t\t\t<\/div>\n\t\t\t\t\t\t\t<div class=\"elementor-accordion-item\">\n\t\t\t\t\t<div id=\"elementor-tab-title-1372\" class=\"elementor-tab-title\" data-tab=\"2\" role=\"button\" aria-controls=\"elementor-tab-content-1372\" aria-expanded=\"false\">\n\t\t\t\t\t\t\t\t\t\t\t\t\t<span class=\"elementor-accordion-icon elementor-accordion-icon-right\" aria-hidden=\"true\">\n\t\t\t\t\t\t\t\t\t\t\t\t\t\t\t<span class=\"elementor-accordion-icon-closed\"><i class=\"fas fa-chevron-down\"><\/i><\/span>\n\t\t\t\t\t\t\t\t<span class=\"elementor-accordion-icon-opened\"><i class=\"fas fa-chevron-up\"><\/i><\/span>\n\t\t\t\t\t\t\t\t\t\t\t\t\t\t<\/span>\n\t\t\t\t\t\t\t\t\t\t\t\t<a class=\"elementor-accordion-title\" tabindex=\"0\">PARKSITUATION<\/a>\n\t\t\t\t\t<\/div>\n\t\t\t\t\t<div id=\"elementor-tab-content-1372\" class=\"elementor-tab-content elementor-clearfix\" data-tab=\"2\" role=\"region\" aria-labelledby=\"elementor-tab-title-1372\"><p>Vor dem NOVA. stehen begrenzt Besucherparkpl\u00e4tze zur Verf\u00fcgung. Weitere nahegelegene Parkpl\u00e4tze sind in 5 min. bequem zu Fuss erreichbar.<\/p><p><strong><a class=\"sc_button sc_button_simple sc_button_size_normal sc_button_icon_left color_style_dark\" href=\"https:\/\/ch.parkopedia.com\/parken\/parkscheinautomat\/pr_pf%C3%A4ffikon_zh_bahnhof_nord\/8330\/pf%C3%A4ffikon_zh\/?arriving=202106092230&amp;leaving=202106100030\" target=\"_blank\" rel=\"noopener\"><span class=\"sc_button_text\"><span class=\"sc_button_title\">P+R Bahnhof Nord Pf\u00e4ffikon (ZH)<\/span><\/span><\/a><\/strong><\/p><\/div>\n\t\t\t\t<\/div>\n\t\t\t\t\t\t\t<div class=\"elementor-accordion-item\">\n\t\t\t\t\t<div id=\"elementor-tab-title-1373\" class=\"elementor-tab-title\" data-tab=\"3\" role=\"button\" aria-controls=\"elementor-tab-content-1373\" aria-expanded=\"false\">\n\t\t\t\t\t\t\t\t\t\t\t\t\t<span class=\"elementor-accordion-icon elementor-accordion-icon-right\" aria-hidden=\"true\">\n\t\t\t\t\t\t\t\t\t\t\t\t\t\t\t<span class=\"elementor-accordion-icon-closed\"><i class=\"fas fa-chevron-down\"><\/i><\/span>\n\t\t\t\t\t\t\t\t<span class=\"elementor-accordion-icon-opened\"><i class=\"fas fa-chevron-up\"><\/i><\/span>\n\t\t\t\t\t\t\t\t\t\t\t\t\t\t<\/span>\n\t\t\t\t\t\t\t\t\t\t\t\t<a class=\"elementor-accordion-title\" tabindex=\"0\">\u00d6FFNUNGSZEITEN BEI PRIVATANL\u00c4SSEN<\/a>\n\t\t\t\t\t<\/div>\n\t\t\t\t\t<div id=\"elementor-tab-content-1373\" class=\"elementor-tab-content elementor-clearfix\" data-tab=\"3\" role=\"region\" aria-labelledby=\"elementor-tab-title-1373\"><p>Hin und wieder finden Privatanl\u00e4sse im NOVA. statt. Wir halten unseren Eventkalender immer auf dem neuesten Stand und bitten euch vor eurem Besuch im NOVA. einen Blick in unseren Online-Kalender zu werfen: \u00a0<strong><a href=\"https:\/\/2025.nova.theater\/?page_id=127\" target=\"_blank\" rel=\"noopener\">zum Eventkalender<\/a><\/strong><\/p><\/div>\n\t\t\t\t<\/div>\n\t\t\t\t\t\t\t<div class=\"elementor-accordion-item\">\n\t\t\t\t\t<div id=\"elementor-tab-title-1374\" class=\"elementor-tab-title\" data-tab=\"4\" role=\"button\" aria-controls=\"elementor-tab-content-1374\" aria-expanded=\"false\">\n\t\t\t\t\t\t\t\t\t\t\t\t\t<span class=\"elementor-accordion-icon elementor-accordion-icon-right\" aria-hidden=\"true\">\n\t\t\t\t\t\t\t\t\t\t\t\t\t\t\t<span class=\"elementor-accordion-icon-closed\"><i class=\"fas fa-chevron-down\"><\/i><\/span>\n\t\t\t\t\t\t\t\t<span class=\"elementor-accordion-icon-opened\"><i class=\"fas fa-chevron-up\"><\/i><\/span>\n\t\t\t\t\t\t\t\t\t\t\t\t\t\t<\/span>\n\t\t\t\t\t\t\t\t\t\t\t\t<a class=\"elementor-accordion-title\" tabindex=\"0\">FOOD ANGEBOT IM NOVA.<\/a>\n\t\t\t\t\t<\/div>\n\t\t\t\t\t<div id=\"elementor-tab-content-1374\" class=\"elementor-tab-content elementor-clearfix\" data-tab=\"4\" role=\"region\" aria-labelledby=\"elementor-tab-title-1374\"><p>An diversen Veranstaltungen bieten wir vor dem NOVA. ein Street-Food Angebot von unterschiedlichen Partnern an. Wir publizieren das Angebot auf unseren Social-Media Kan\u00e4len sowie in unserem <a href=\"https:\/\/2025.nova.theater\/?page_id=127\" target=\"_blank\" rel=\"noopener\"><strong>Eventkalende<\/strong>r.<\/a> Bei regul\u00e4rem Barbetrieb bieten wir nur Knabbersachen wie Chips und N\u00fcssli an.<\/p><\/div>\n\t\t\t\t<\/div>\n\t\t\t\t\t\t\t<div class=\"elementor-accordion-item\">\n\t\t\t\t\t<div id=\"elementor-tab-title-1375\" class=\"elementor-tab-title\" data-tab=\"5\" role=\"button\" aria-controls=\"elementor-tab-content-1375\" aria-expanded=\"false\">\n\t\t\t\t\t\t\t\t\t\t\t\t\t<span class=\"elementor-accordion-icon elementor-accordion-icon-right\" aria-hidden=\"true\">\n\t\t\t\t\t\t\t\t\t\t\t\t\t\t\t<span class=\"elementor-accordion-icon-closed\"><i class=\"fas fa-chevron-down\"><\/i><\/span>\n\t\t\t\t\t\t\t\t<span class=\"elementor-accordion-icon-opened\"><i class=\"fas fa-chevron-up\"><\/i><\/span>\n\t\t\t\t\t\t\t\t\t\t\t\t\t\t<\/span>\n\t\t\t\t\t\t\t\t\t\t\t\t<a class=\"elementor-accordion-title\" tabindex=\"0\">KINDER<\/a>\n\t\t\t\t\t<\/div>\n\t\t\t\t\t<div id=\"elementor-tab-content-1375\" class=\"elementor-tab-content elementor-clearfix\" data-tab=\"5\" role=\"region\" aria-labelledby=\"elementor-tab-title-1375\"><p>Kinder sind im NOVA. herzlich Willkommen. Wir bitten Eltern und Erziehungsberechtigte ihre Kids zu beaufsichtigen. Bitte sorgt f\u00fcr einen angenehmen Aufenthalt auch f\u00fcr andere G\u00e4ste im NOVA.\u00a0<\/p><\/div>\n\t\t\t\t<\/div>\n\t\t\t\t\t\t\t<div class=\"elementor-accordion-item\">\n\t\t\t\t\t<div id=\"elementor-tab-title-1376\" class=\"elementor-tab-title\" data-tab=\"6\" role=\"button\" aria-controls=\"elementor-tab-content-1376\" aria-expanded=\"false\">\n\t\t\t\t\t\t\t\t\t\t\t\t\t<span class=\"elementor-accordion-icon elementor-accordion-icon-right\" aria-hidden=\"true\">\n\t\t\t\t\t\t\t\t\t\t\t\t\t\t\t<span class=\"elementor-accordion-icon-closed\"><i class=\"fas fa-chevron-down\"><\/i><\/span>\n\t\t\t\t\t\t\t\t<span class=\"elementor-accordion-icon-opened\"><i class=\"fas fa-chevron-up\"><\/i><\/span>\n\t\t\t\t\t\t\t\t\t\t\t\t\t\t<\/span>\n\t\t\t\t\t\t\t\t\t\t\t\t<a class=\"elementor-accordion-title\" tabindex=\"0\">NOVA. MIETEN<\/a>\n\t\t\t\t\t<\/div>\n\t\t\t\t\t<div id=\"elementor-tab-content-1376\" class=\"elementor-tab-content elementor-clearfix\" data-tab=\"6\" role=\"region\" aria-labelledby=\"elementor-tab-title-1376\"><p>Vom privaten Geburtstagsfest, der Hochzeitsfeier oder dem Familienfest bis hin zum Firmenanlass und der Generalversammlung. Gerne\u00a0 besprechen wir Ihre W\u00fcnsche und Bed\u00fcrfnisse, um einen unvergesslichen Anlass f\u00fcr Sie zu realisieren. Kontaktieren Sie uns via Email <strong><a href=\"mailto:radi@nova.theater\" target=\"_blank\" rel=\"noopener\">radi@nova.theater<\/a><\/strong> oder telefonisch <strong>0435351295<\/strong><\/p><\/div>\n\t\t\t\t<\/div>\n\t\t\t\t\t\t\t<div class=\"elementor-accordion-item\">\n\t\t\t\t\t<div id=\"elementor-tab-title-1377\" class=\"elementor-tab-title\" data-tab=\"7\" role=\"button\" aria-controls=\"elementor-tab-content-1377\" aria-expanded=\"false\">\n\t\t\t\t\t\t\t\t\t\t\t\t\t<span class=\"elementor-accordion-icon elementor-accordion-icon-right\" aria-hidden=\"true\">\n\t\t\t\t\t\t\t\t\t\t\t\t\t\t\t<span class=\"elementor-accordion-icon-closed\"><i class=\"fas fa-chevron-down\"><\/i><\/span>\n\t\t\t\t\t\t\t\t<span class=\"elementor-accordion-icon-opened\"><i class=\"fas fa-chevron-up\"><\/i><\/span>\n\t\t\t\t\t\t\t\t\t\t\t\t\t\t<\/span>\n\t\t\t\t\t\t\t\t\t\t\t\t<a class=\"elementor-accordion-title\" tabindex=\"0\">BOOKING & ANFRAGEN K\u00dcNSTLER*INNEN<\/a>\n\t\t\t\t\t<\/div>\n\t\t\t\t\t<div id=\"elementor-tab-content-1377\" class=\"elementor-tab-content elementor-clearfix\" data-tab=\"7\" role=\"region\" aria-labelledby=\"elementor-tab-title-1377\"><p>Wir erhalten viele Anfragen f\u00fcr Auftritte im NOVA. und bem\u00fchen uns alle Anfragen zu beantworten.\u00a0Anfragen via Email an <strong><a href=\"mailto:booking@nova.theater\" target=\"_blank\" rel=\"noopener\">booking@nova.theater<\/a><br \/><\/strong><em>Automatisierte Booking-Anfragen werden unsererseits nicht beantwortet und gefiltert. Vielen Dank f\u00fcr euer Verst\u00e4ndnis.\u00a0<\/em><\/p><\/div>\n\t\t\t\t<\/div>\n\t\t\t\t\t\t\t\t\t\t<script type=\"application\/ld+json\">{\"@context\":\"https:\\\/\\\/schema.org\",\"@type\":\"FAQPage\",\"mainEntity\":[{\"@type\":\"Question\",\"name\":\"ANREISE MIT DEM \\u00d6FFENTLICHEN VERKEHR\",\"acceptedAnswer\":{\"@type\":\"Answer\",\"text\":\"<p>Das NOVA.Theater ist in nur 5 min. zu Fuss vom Bahnhof Pf\\u00e4ffikon (ZH) erreichbar.<\\\/p>\"}},{\"@type\":\"Question\",\"name\":\"PARKSITUATION\",\"acceptedAnswer\":{\"@type\":\"Answer\",\"text\":\"<p>Vor dem NOVA. stehen begrenzt Besucherparkpl\\u00e4tze zur Verf\\u00fcgung. Weitere nahegelegene Parkpl\\u00e4tze sind in 5 min. bequem zu Fuss erreichbar.<\\\/p><p><strong><a class=\\\"sc_button sc_button_simple sc_button_size_normal sc_button_icon_left color_style_dark\\\" href=\\\"https:\\\/\\\/ch.parkopedia.com\\\/parken\\\/parkscheinautomat\\\/pr_pf%C3%A4ffikon_zh_bahnhof_nord\\\/8330\\\/pf%C3%A4ffikon_zh\\\/?arriving=202106092230&amp;leaving=202106100030\\\" target=\\\"_blank\\\" rel=\\\"noopener\\\"><span class=\\\"sc_button_text\\\"><span class=\\\"sc_button_title\\\">P+R Bahnhof Nord Pf\\u00e4ffikon (ZH)<\\\/span><\\\/span><\\\/a><\\\/strong><\\\/p>\"}},{\"@type\":\"Question\",\"name\":\"\\u00d6FFNUNGSZEITEN BEI PRIVATANL\\u00c4SSEN\",\"acceptedAnswer\":{\"@type\":\"Answer\",\"text\":\"<p>Hin und wieder finden Privatanl\\u00e4sse im NOVA. statt. Wir halten unseren Eventkalender immer auf dem neuesten Stand und bitten euch vor eurem Besuch im NOVA. einen Blick in unseren Online-Kalender zu werfen: \\u00a0<strong><a href=\\\"https:\\\/\\\/2025.nova.theater\\\/?page_id=127\\\" target=\\\"_blank\\\" rel=\\\"noopener\\\">zum Eventkalender<\\\/a><\\\/strong><\\\/p>\"}},{\"@type\":\"Question\",\"name\":\"FOOD ANGEBOT IM NOVA.\",\"acceptedAnswer\":{\"@type\":\"Answer\",\"text\":\"<p>An diversen Veranstaltungen bieten wir vor dem NOVA. ein Street-Food Angebot von unterschiedlichen Partnern an. Wir publizieren das Angebot auf unseren Social-Media Kan\\u00e4len sowie in unserem <a href=\\\"https:\\\/\\\/2025.nova.theater\\\/?page_id=127\\\" target=\\\"_blank\\\" rel=\\\"noopener\\\"><strong>Eventkalende<\\\/strong>r.<\\\/a> Bei regul\\u00e4rem Barbetrieb bieten wir nur Knabbersachen wie Chips und N\\u00fcssli an.<\\\/p>\"}},{\"@type\":\"Question\",\"name\":\"KINDER\",\"acceptedAnswer\":{\"@type\":\"Answer\",\"text\":\"<p>Kinder sind im NOVA. herzlich Willkommen. Wir bitten Eltern und Erziehungsberechtigte ihre Kids zu beaufsichtigen. Bitte sorgt f\\u00fcr einen angenehmen Aufenthalt auch f\\u00fcr andere G\\u00e4ste im NOVA.\\u00a0<\\\/p>\"}},{\"@type\":\"Question\",\"name\":\"NOVA. MIETEN\",\"acceptedAnswer\":{\"@type\":\"Answer\",\"text\":\"<p>Vom privaten Geburtstagsfest, der Hochzeitsfeier oder dem Familienfest bis hin zum Firmenanlass und der Generalversammlung. Gerne\\u00a0 besprechen wir Ihre W\\u00fcnsche und Bed\\u00fcrfnisse, um einen unvergesslichen Anlass f\\u00fcr Sie zu realisieren. Kontaktieren Sie uns via Email <strong><a href=\\\"mailto:radi@nova.theater\\\" target=\\\"_blank\\\" rel=\\\"noopener\\\">radi@nova.theater<\\\/a><\\\/strong> oder telefonisch <strong>0435351295<\\\/strong><\\\/p>\"}},{\"@type\":\"Question\",\"name\":\"BOOKING & ANFRAGEN K\\u00dcNSTLER*INNEN\",\"acceptedAnswer\":{\"@type\":\"Answer\",\"text\":\"<p>Wir erhalten viele Anfragen f\\u00fcr Auftritte im NOVA. und bem\\u00fchen uns alle Anfragen zu beantworten.\\u00a0Anfragen via Email an <strong><a href=\\\"mailto:booking@nova.theater\\\" target=\\\"_blank\\\" rel=\\\"noopener\\\">booking@nova.theater<\\\/a><br \\\/><\\\/strong><em>Automatisierte Booking-Anfragen werden unsererseits nicht beantwortet und gefiltert. Vielen Dank f\\u00fcr euer Verst\\u00e4ndnis.\\u00a0<\\\/em><\\\/p>\"}}]}<\/script>\n\t\t\t\t\t<\/div>\n\t\t\t\t\t\t<\/div>\n\t\t\t\t<\/div>\n\t\t\t\t\t<\/div>\n\t\t<\/div>\n\t\t\t\t\t<\/div>\n\t\t<\/section>\n\t\t\t\t<\/div>\n\t\t","protected":false},"excerpt":{"rendered":"<p>ANREISE MIT DEM \u00d6FFENTLICHEN VERKEHR Das NOVA.Theater ist in nur 5 min. zu Fuss vom Bahnhof Pf\u00e4ffikon (ZH) erreichbar. PARKSITUATION Vor dem NOVA. stehen begrenzt&#8230;<\/p>\n","protected":false},"author":1,"featured_media":0,"parent":0,"menu_order":0,"comment_status":"closed","ping_status":"closed","template":"","meta":{"footnotes":""},"class_list":["post-121","page","type-page","status-publish","hentry"],"_links":{"self":[{"href":"https:\/\/2025.nova.theater\/index.php?rest_route=\/wp\/v2\/pages\/121","targetHints":{"allow":["GET"]}}],"collection":[{"href":"https:\/\/2025.nova.theater\/index.php?rest_route=\/wp\/v2\/pages"}],"about":[{"href":"https:\/\/2025.nova.theater\/index.php?rest_route=\/wp\/v2\/types\/page"}],"author":[{"embeddable":true,"href":"https:\/\/2025.nova.theater\/index.php?rest_route=\/wp\/v2\/users\/1"}],"replies":[{"embeddable":true,"href":"https:\/\/2025.nova.theater\/index.php?rest_route=%2Fwp%2Fv2%2Fcomments&post=121"}],"version-history":[{"count":4,"href":"https:\/\/2025.nova.theater\/index.php?rest_route=\/wp\/v2\/pages\/121\/revisions"}],"predecessor-version":[{"id":8254,"href":"https:\/\/2025.nova.theater\/index.php?rest_route=\/wp\/v2\/pages\/121\/revisions\/8254"}],"wp:attachment":[{"href":"https:\/\/2025.nova.theater\/index.php?rest_route=%2Fwp%2Fv2%2Fmedia&parent=121"}],"curies":[{"name":"wp","href":"https:\/\/api.w.org\/{rel}","templated":true}]}}