{"id":4710,"date":"2021-10-08T22:02:59","date_gmt":"2021-10-08T22:02:59","guid":{"rendered":"https:\/\/demo.gloriathemes.com\/loquet\/demo\/?page_id=4710"},"modified":"2025-01-02T09:42:59","modified_gmt":"2025-01-02T09:42:59","slug":"visit-us","status":"publish","type":"page","link":"https:\/\/2025.nova.theater\/?page_id=4710","title":{"rendered":"NOVA. besuchen"},"content":{"rendered":"\t\t<div data-elementor-type=\"wp-page\" data-elementor-id=\"4710\" class=\"elementor elementor-4710\">\n\t\t\t\t\t\t<section class=\"elementor-section elementor-top-section elementor-element elementor-element-e286edb elementor-section-boxed elementor-section-height-default elementor-section-height-default\" data-id=\"e286edb\" data-element_type=\"section\">\n\t\t\t\t\t\t<div class=\"elementor-container elementor-column-gap-no\">\n\t\t\t\t\t<div class=\"elementor-column elementor-col-100 elementor-top-column elementor-element elementor-element-e6670fd\" data-id=\"e6670fd\" data-element_type=\"column\">\n\t\t\t<div class=\"elementor-widget-wrap elementor-element-populated\">\n\t\t\t\t\t\t<div class=\"elementor-element elementor-element-b9af02b elementor-widget elementor-widget-loquet-service-boxes-widget\" data-id=\"b9af02b\" data-element_type=\"widget\" data-widget_type=\"loquet-service-boxes-widget.default\">\n\t\t\t\t<div class=\"elementor-widget-container\">\n\t\t\t\t\t<div class=\"gt-service-boxes gt-style-5 gt-light gt-align-left\"><div class=\"gt-grid gt-grid-2 gt-spacing-20\"><div class=\"gt-grid-col\"><div class=\"gt-item\"><div class=\"gt-left\"><div class=\"gt-image\"><\/div><\/div><div class=\"gt-right\"><div class=\"gt-title\">\u00d6ffnungszeiten<\/div><div class=\"gt-content\"><p>Mittwoch 17 - 23 Uhr<br \/>Donnerstag, Freitag &amp; Samstag 17 - 00 Uhr<\/p>\n<\/div><\/div><\/div><\/div><div class=\"gt-grid-col\"><div class=\"gt-item\"><div class=\"gt-left\"><div class=\"gt-image\"><\/div><\/div><div class=\"gt-right\"><div class=\"gt-title\">Location &amp; Kontakt<\/div><div class=\"gt-content\"><p><a href=\"https:\/\/www.google.com\/maps\/place\/NOVA.Theater\/@47.3651349,8.7835501,17z\/data=!3m1!4b1!4m6!3m5!1s0x479abc60dff83771:0x9bf72ccd9d7c9fe4!8m2!3d47.365135!4d8.788421!16s%2Fg%2F11f3wlqs8w?entry=ttu&amp;g_ep=EgoyMDI0MTIxMS4wIKXMDSoASAFQAw%3D%3D\" target=\"_blank\" rel=\"noopener\">Spitalstrasse 1, 8330 Pf\u00e4ffikon ZH<\/a><br \/><a href=\"mailto:hello@nova.theater\" target=\"_blank\" rel=\"noopener\">hello@nova.theater<\/a> \/ 044 535 12 95<\/p>\n<\/div><\/div><\/div><\/div><\/div><\/div>\t\t\t\t<\/div>\n\t\t\t\t<\/div>\n\t\t\t\t\t<\/div>\n\t\t<\/div>\n\t\t\t\t\t<\/div>\n\t\t<\/section>\n\t\t\t\t<section class=\"elementor-section elementor-top-section elementor-element elementor-element-1286251 elementor-section-boxed elementor-section-height-default elementor-section-height-default\" data-id=\"1286251\" data-element_type=\"section\">\n\t\t\t\t\t\t<div class=\"elementor-container elementor-column-gap-no\">\n\t\t\t\t\t<div class=\"elementor-column elementor-col-100 elementor-top-column elementor-element elementor-element-042b3ca\" data-id=\"042b3ca\" data-element_type=\"column\">\n\t\t\t<div class=\"elementor-widget-wrap elementor-element-populated\">\n\t\t\t\t\t\t<div class=\"elementor-element elementor-element-13838a0 elementor-widget elementor-widget-accordion\" data-id=\"13838a0\" data-element_type=\"widget\" data-widget_type=\"accordion.default\">\n\t\t\t\t<div class=\"elementor-widget-container\">\n\t\t\t\t\t\t\t<div class=\"elementor-accordion\">\n\t\t\t\t\t\t\t<div class=\"elementor-accordion-item\">\n\t\t\t\t\t<div id=\"elementor-tab-title-2041\" class=\"elementor-tab-title\" data-tab=\"1\" role=\"button\" aria-controls=\"elementor-tab-content-2041\" aria-expanded=\"false\">\n\t\t\t\t\t\t\t\t\t\t\t\t\t<span class=\"elementor-accordion-icon elementor-accordion-icon-right\" aria-hidden=\"true\">\n\t\t\t\t\t\t\t\t\t\t\t\t\t\t\t<span class=\"elementor-accordion-icon-closed\"><i class=\"fas fa-chevron-down\"><\/i><\/span>\n\t\t\t\t\t\t\t\t<span class=\"elementor-accordion-icon-opened\"><i class=\"fas fa-chevron-up\"><\/i><\/span>\n\t\t\t\t\t\t\t\t\t\t\t\t\t\t<\/span>\n\t\t\t\t\t\t\t\t\t\t\t\t<a class=\"elementor-accordion-title\" tabindex=\"0\">ANREISE MIT DEM \u00d6FFENTLICHEN VERKEHR<\/a>\n\t\t\t\t\t<\/div>\n\t\t\t\t\t<div id=\"elementor-tab-content-2041\" class=\"elementor-tab-content elementor-clearfix\" data-tab=\"1\" role=\"region\" aria-labelledby=\"elementor-tab-title-2041\"><p>Das NOVA.Theater ist in nur 5 min. zu Fuss vom Bahnhof Pf\u00e4ffikon (ZH) erreichbar.<\/p><\/div>\n\t\t\t\t<\/div>\n\t\t\t\t\t\t\t<div class=\"elementor-accordion-item\">\n\t\t\t\t\t<div id=\"elementor-tab-title-2042\" class=\"elementor-tab-title\" data-tab=\"2\" role=\"button\" aria-controls=\"elementor-tab-content-2042\" aria-expanded=\"false\">\n\t\t\t\t\t\t\t\t\t\t\t\t\t<span class=\"elementor-accordion-icon elementor-accordion-icon-right\" aria-hidden=\"true\">\n\t\t\t\t\t\t\t\t\t\t\t\t\t\t\t<span class=\"elementor-accordion-icon-closed\"><i class=\"fas fa-chevron-down\"><\/i><\/span>\n\t\t\t\t\t\t\t\t<span class=\"elementor-accordion-icon-opened\"><i class=\"fas fa-chevron-up\"><\/i><\/span>\n\t\t\t\t\t\t\t\t\t\t\t\t\t\t<\/span>\n\t\t\t\t\t\t\t\t\t\t\t\t<a class=\"elementor-accordion-title\" tabindex=\"0\">PARKSITUATION<\/a>\n\t\t\t\t\t<\/div>\n\t\t\t\t\t<div id=\"elementor-tab-content-2042\" class=\"elementor-tab-content elementor-clearfix\" data-tab=\"2\" role=\"region\" aria-labelledby=\"elementor-tab-title-2042\"><p>Vor dem NOVA. stehen begrenzt Besucherparkpl\u00e4tze zur Verf\u00fcgung. Weitere nahegelegene Parkpl\u00e4tze sind in 5 min. bequem zu Fuss erreichbar.<\/p><p><strong><a class=\"sc_button sc_button_simple sc_button_size_normal sc_button_icon_left color_style_dark\" href=\"https:\/\/ch.parkopedia.com\/parken\/parkscheinautomat\/pr_pf%C3%A4ffikon_zh_bahnhof_nord\/8330\/pf%C3%A4ffikon_zh\/?arriving=202106092230&amp;leaving=202106100030\" target=\"_blank\" rel=\"noopener\"><span class=\"sc_button_text\"><span class=\"sc_button_title\">P+R Bahnhof Nord Pf\u00e4ffikon (ZH)<\/span><\/span><\/a><\/strong><\/p><\/div>\n\t\t\t\t<\/div>\n\t\t\t\t\t\t\t<div class=\"elementor-accordion-item\">\n\t\t\t\t\t<div id=\"elementor-tab-title-2043\" class=\"elementor-tab-title\" data-tab=\"3\" role=\"button\" aria-controls=\"elementor-tab-content-2043\" aria-expanded=\"false\">\n\t\t\t\t\t\t\t\t\t\t\t\t\t<span class=\"elementor-accordion-icon elementor-accordion-icon-right\" aria-hidden=\"true\">\n\t\t\t\t\t\t\t\t\t\t\t\t\t\t\t<span class=\"elementor-accordion-icon-closed\"><i class=\"fas fa-chevron-down\"><\/i><\/span>\n\t\t\t\t\t\t\t\t<span class=\"elementor-accordion-icon-opened\"><i class=\"fas fa-chevron-up\"><\/i><\/span>\n\t\t\t\t\t\t\t\t\t\t\t\t\t\t<\/span>\n\t\t\t\t\t\t\t\t\t\t\t\t<a class=\"elementor-accordion-title\" tabindex=\"0\">\u00d6FFNUNGSZEITEN BEI PRIVATANL\u00c4SSEN<\/a>\n\t\t\t\t\t<\/div>\n\t\t\t\t\t<div id=\"elementor-tab-content-2043\" class=\"elementor-tab-content elementor-clearfix\" data-tab=\"3\" role=\"region\" aria-labelledby=\"elementor-tab-title-2043\"><p>Hin und wieder finden Privatanl\u00e4sse im NOVA. statt. Wir halten unseren Eventkalender immer auf dem neuesten Stand und bitten euch vor eurem Besuch im NOVA. einen Blick in unseren Online-Kalender zu werfen: \u00a0<strong><a href=\"https:\/\/2025.nova.theater\/?page_id=127\" target=\"_blank\" rel=\"noopener\">zum Eventkalender<\/a><\/strong><\/p><\/div>\n\t\t\t\t<\/div>\n\t\t\t\t\t\t\t<div class=\"elementor-accordion-item\">\n\t\t\t\t\t<div id=\"elementor-tab-title-2044\" class=\"elementor-tab-title\" data-tab=\"4\" role=\"button\" aria-controls=\"elementor-tab-content-2044\" aria-expanded=\"false\">\n\t\t\t\t\t\t\t\t\t\t\t\t\t<span class=\"elementor-accordion-icon elementor-accordion-icon-right\" aria-hidden=\"true\">\n\t\t\t\t\t\t\t\t\t\t\t\t\t\t\t<span class=\"elementor-accordion-icon-closed\"><i class=\"fas fa-chevron-down\"><\/i><\/span>\n\t\t\t\t\t\t\t\t<span class=\"elementor-accordion-icon-opened\"><i class=\"fas fa-chevron-up\"><\/i><\/span>\n\t\t\t\t\t\t\t\t\t\t\t\t\t\t<\/span>\n\t\t\t\t\t\t\t\t\t\t\t\t<a class=\"elementor-accordion-title\" tabindex=\"0\">FOOD ANGEBOT IM NOVA.<\/a>\n\t\t\t\t\t<\/div>\n\t\t\t\t\t<div id=\"elementor-tab-content-2044\" class=\"elementor-tab-content elementor-clearfix\" data-tab=\"4\" role=\"region\" aria-labelledby=\"elementor-tab-title-2044\"><p>An diversen Veranstaltungen bieten wir vor dem NOVA. ein Street-Food Angebot von unterschiedlichen Partnern an. Wir publizieren das Angebot auf unseren Social-Media Kan\u00e4len sowie in unserem <a href=\"https:\/\/2025.nova.theater\/?page_id=127\" target=\"_blank\" rel=\"noopener\"><strong>Eventkalende<\/strong>r.<\/a> Bei regul\u00e4rem Barbetrieb bieten wir nur Knabbersachen wie Chips und N\u00fcssli an.<\/p><\/div>\n\t\t\t\t<\/div>\n\t\t\t\t\t\t\t<div class=\"elementor-accordion-item\">\n\t\t\t\t\t<div id=\"elementor-tab-title-2045\" class=\"elementor-tab-title\" data-tab=\"5\" role=\"button\" aria-controls=\"elementor-tab-content-2045\" aria-expanded=\"false\">\n\t\t\t\t\t\t\t\t\t\t\t\t\t<span class=\"elementor-accordion-icon elementor-accordion-icon-right\" aria-hidden=\"true\">\n\t\t\t\t\t\t\t\t\t\t\t\t\t\t\t<span class=\"elementor-accordion-icon-closed\"><i class=\"fas fa-chevron-down\"><\/i><\/span>\n\t\t\t\t\t\t\t\t<span class=\"elementor-accordion-icon-opened\"><i class=\"fas fa-chevron-up\"><\/i><\/span>\n\t\t\t\t\t\t\t\t\t\t\t\t\t\t<\/span>\n\t\t\t\t\t\t\t\t\t\t\t\t<a class=\"elementor-accordion-title\" tabindex=\"0\">KINDER<\/a>\n\t\t\t\t\t<\/div>\n\t\t\t\t\t<div id=\"elementor-tab-content-2045\" class=\"elementor-tab-content elementor-clearfix\" data-tab=\"5\" role=\"region\" aria-labelledby=\"elementor-tab-title-2045\"><p>Kinder sind im NOVA. herzlich Willkommen. Wir bitten Eltern und Erziehungsberechtigte ihre Kids zu beaufsichtigen. Bitte sorgt f\u00fcr einen angenehmen Aufenthalt auch f\u00fcr andere G\u00e4ste im NOVA.\u00a0<\/p><\/div>\n\t\t\t\t<\/div>\n\t\t\t\t\t\t\t<div class=\"elementor-accordion-item\">\n\t\t\t\t\t<div id=\"elementor-tab-title-2046\" class=\"elementor-tab-title\" data-tab=\"6\" role=\"button\" aria-controls=\"elementor-tab-content-2046\" aria-expanded=\"false\">\n\t\t\t\t\t\t\t\t\t\t\t\t\t<span class=\"elementor-accordion-icon elementor-accordion-icon-right\" aria-hidden=\"true\">\n\t\t\t\t\t\t\t\t\t\t\t\t\t\t\t<span class=\"elementor-accordion-icon-closed\"><i class=\"fas fa-chevron-down\"><\/i><\/span>\n\t\t\t\t\t\t\t\t<span class=\"elementor-accordion-icon-opened\"><i class=\"fas fa-chevron-up\"><\/i><\/span>\n\t\t\t\t\t\t\t\t\t\t\t\t\t\t<\/span>\n\t\t\t\t\t\t\t\t\t\t\t\t<a class=\"elementor-accordion-title\" tabindex=\"0\">NOVA. MIETEN<\/a>\n\t\t\t\t\t<\/div>\n\t\t\t\t\t<div id=\"elementor-tab-content-2046\" class=\"elementor-tab-content elementor-clearfix\" data-tab=\"6\" role=\"region\" aria-labelledby=\"elementor-tab-title-2046\"><p>Vom privaten Geburtstagsfest, der Hochzeitsfeier oder dem Familienfest bis hin zum Firmenanlass und der Generalversammlung. Gerne\u00a0 besprechen wir Ihre W\u00fcnsche und Bed\u00fcrfnisse, um einen unvergesslichen Anlass f\u00fcr Sie zu realisieren. Kontaktieren Sie uns via Email <strong><a href=\"mailto:radi@nova.theater\" target=\"_blank\" rel=\"noopener\">radi@nova.theater<\/a><\/strong> oder telefonisch <strong>0435351295<\/strong><\/p><\/div>\n\t\t\t\t<\/div>\n\t\t\t\t\t\t\t<div class=\"elementor-accordion-item\">\n\t\t\t\t\t<div id=\"elementor-tab-title-2047\" class=\"elementor-tab-title\" data-tab=\"7\" role=\"button\" aria-controls=\"elementor-tab-content-2047\" aria-expanded=\"false\">\n\t\t\t\t\t\t\t\t\t\t\t\t\t<span class=\"elementor-accordion-icon elementor-accordion-icon-right\" aria-hidden=\"true\">\n\t\t\t\t\t\t\t\t\t\t\t\t\t\t\t<span class=\"elementor-accordion-icon-closed\"><i class=\"fas fa-chevron-down\"><\/i><\/span>\n\t\t\t\t\t\t\t\t<span class=\"elementor-accordion-icon-opened\"><i class=\"fas fa-chevron-up\"><\/i><\/span>\n\t\t\t\t\t\t\t\t\t\t\t\t\t\t<\/span>\n\t\t\t\t\t\t\t\t\t\t\t\t<a class=\"elementor-accordion-title\" tabindex=\"0\">BOOKING & ANFRAGEN K\u00dcNSTLER*INNEN<\/a>\n\t\t\t\t\t<\/div>\n\t\t\t\t\t<div id=\"elementor-tab-content-2047\" class=\"elementor-tab-content elementor-clearfix\" data-tab=\"7\" role=\"region\" aria-labelledby=\"elementor-tab-title-2047\"><p>Wir erhalten viele Anfragen f\u00fcr Auftritte im NOVA. und bem\u00fchen uns alle Anfragen zu beantworten.\u00a0Anfragen via Email an <strong><a href=\"mailto:booking@nova.theater\" target=\"_blank\" rel=\"noopener\">booking@nova.theater<\/a><br \/><\/strong><em>Automatisierte Booking-Anfragen werden unsererseits nicht beantwortet und gefiltert. Vielen Dank f\u00fcr euer Verst\u00e4ndnis.\u00a0<\/em><\/p><\/div>\n\t\t\t\t<\/div>\n\t\t\t\t\t\t\t\t\t\t<script type=\"application\/ld+json\">{\"@context\":\"https:\\\/\\\/schema.org\",\"@type\":\"FAQPage\",\"mainEntity\":[{\"@type\":\"Question\",\"name\":\"ANREISE MIT DEM \\u00d6FFENTLICHEN VERKEHR\",\"acceptedAnswer\":{\"@type\":\"Answer\",\"text\":\"<p>Das NOVA.Theater ist in nur 5 min. zu Fuss vom Bahnhof Pf\\u00e4ffikon (ZH) erreichbar.<\\\/p>\"}},{\"@type\":\"Question\",\"name\":\"PARKSITUATION\",\"acceptedAnswer\":{\"@type\":\"Answer\",\"text\":\"<p>Vor dem NOVA. stehen begrenzt Besucherparkpl\\u00e4tze zur Verf\\u00fcgung. Weitere nahegelegene Parkpl\\u00e4tze sind in 5 min. bequem zu Fuss erreichbar.<\\\/p><p><strong><a class=\\\"sc_button sc_button_simple sc_button_size_normal sc_button_icon_left color_style_dark\\\" href=\\\"https:\\\/\\\/ch.parkopedia.com\\\/parken\\\/parkscheinautomat\\\/pr_pf%C3%A4ffikon_zh_bahnhof_nord\\\/8330\\\/pf%C3%A4ffikon_zh\\\/?arriving=202106092230&amp;leaving=202106100030\\\" target=\\\"_blank\\\" rel=\\\"noopener\\\"><span class=\\\"sc_button_text\\\"><span class=\\\"sc_button_title\\\">P+R Bahnhof Nord Pf\\u00e4ffikon (ZH)<\\\/span><\\\/span><\\\/a><\\\/strong><\\\/p>\"}},{\"@type\":\"Question\",\"name\":\"\\u00d6FFNUNGSZEITEN BEI PRIVATANL\\u00c4SSEN\",\"acceptedAnswer\":{\"@type\":\"Answer\",\"text\":\"<p>Hin und wieder finden Privatanl\\u00e4sse im NOVA. statt. Wir halten unseren Eventkalender immer auf dem neuesten Stand und bitten euch vor eurem Besuch im NOVA. einen Blick in unseren Online-Kalender zu werfen: \\u00a0<strong><a href=\\\"https:\\\/\\\/2025.nova.theater\\\/?page_id=127\\\" target=\\\"_blank\\\" rel=\\\"noopener\\\">zum Eventkalender<\\\/a><\\\/strong><\\\/p>\"}},{\"@type\":\"Question\",\"name\":\"FOOD ANGEBOT IM NOVA.\",\"acceptedAnswer\":{\"@type\":\"Answer\",\"text\":\"<p>An diversen Veranstaltungen bieten wir vor dem NOVA. ein Street-Food Angebot von unterschiedlichen Partnern an. Wir publizieren das Angebot auf unseren Social-Media Kan\\u00e4len sowie in unserem <a href=\\\"https:\\\/\\\/2025.nova.theater\\\/?page_id=127\\\" target=\\\"_blank\\\" rel=\\\"noopener\\\"><strong>Eventkalende<\\\/strong>r.<\\\/a> Bei regul\\u00e4rem Barbetrieb bieten wir nur Knabbersachen wie Chips und N\\u00fcssli an.<\\\/p>\"}},{\"@type\":\"Question\",\"name\":\"KINDER\",\"acceptedAnswer\":{\"@type\":\"Answer\",\"text\":\"<p>Kinder sind im NOVA. herzlich Willkommen. Wir bitten Eltern und Erziehungsberechtigte ihre Kids zu beaufsichtigen. Bitte sorgt f\\u00fcr einen angenehmen Aufenthalt auch f\\u00fcr andere G\\u00e4ste im NOVA.\\u00a0<\\\/p>\"}},{\"@type\":\"Question\",\"name\":\"NOVA. MIETEN\",\"acceptedAnswer\":{\"@type\":\"Answer\",\"text\":\"<p>Vom privaten Geburtstagsfest, der Hochzeitsfeier oder dem Familienfest bis hin zum Firmenanlass und der Generalversammlung. Gerne\\u00a0 besprechen wir Ihre W\\u00fcnsche und Bed\\u00fcrfnisse, um einen unvergesslichen Anlass f\\u00fcr Sie zu realisieren. Kontaktieren Sie uns via Email <strong><a href=\\\"mailto:radi@nova.theater\\\" target=\\\"_blank\\\" rel=\\\"noopener\\\">radi@nova.theater<\\\/a><\\\/strong> oder telefonisch <strong>0435351295<\\\/strong><\\\/p>\"}},{\"@type\":\"Question\",\"name\":\"BOOKING & ANFRAGEN K\\u00dcNSTLER*INNEN\",\"acceptedAnswer\":{\"@type\":\"Answer\",\"text\":\"<p>Wir erhalten viele Anfragen f\\u00fcr Auftritte im NOVA. und bem\\u00fchen uns alle Anfragen zu beantworten.\\u00a0Anfragen via Email an <strong><a href=\\\"mailto:booking@nova.theater\\\" target=\\\"_blank\\\" rel=\\\"noopener\\\">booking@nova.theater<\\\/a><br \\\/><\\\/strong><em>Automatisierte Booking-Anfragen werden unsererseits nicht beantwortet und gefiltert. Vielen Dank f\\u00fcr euer Verst\\u00e4ndnis.\\u00a0<\\\/em><\\\/p>\"}}]}<\/script>\n\t\t\t\t\t<\/div>\n\t\t\t\t\t\t<\/div>\n\t\t\t\t<\/div>\n\t\t\t\t\t<\/div>\n\t\t<\/div>\n\t\t\t\t\t<\/div>\n\t\t<\/section>\n\t\t\t\t<section class=\"elementor-section elementor-top-section elementor-element elementor-element-cfcb570 elementor-section-full_width elementor-section-stretched elementor-section-height-default elementor-section-height-default\" data-id=\"cfcb570\" data-element_type=\"section\" data-settings=\"{&quot;stretch_section&quot;:&quot;section-stretched&quot;,&quot;background_background&quot;:&quot;classic&quot;}\">\n\t\t\t\t\t\t<div class=\"elementor-container elementor-column-gap-no\">\n\t\t\t\t\t<div class=\"elementor-column elementor-col-50 elementor-top-column elementor-element elementor-element-76e15ce\" data-id=\"76e15ce\" data-element_type=\"column\" data-settings=\"{&quot;background_background&quot;:&quot;classic&quot;}\">\n\t\t\t<div class=\"elementor-widget-wrap elementor-element-populated\">\n\t\t\t\t\t\t<div class=\"elementor-element elementor-element-24efcb1 elementor-widget elementor-widget-spacer\" data-id=\"24efcb1\" data-element_type=\"widget\" data-widget_type=\"spacer.default\">\n\t\t\t\t<div class=\"elementor-widget-container\">\n\t\t\t\t\t\t\t<div class=\"elementor-spacer\">\n\t\t\t<div class=\"elementor-spacer-inner\"><\/div>\n\t\t<\/div>\n\t\t\t\t\t\t<\/div>\n\t\t\t\t<\/div>\n\t\t\t\t\t<\/div>\n\t\t<\/div>\n\t\t\t\t<div class=\"elementor-column elementor-col-50 elementor-top-column elementor-element elementor-element-75caf68\" data-id=\"75caf68\" data-element_type=\"column\">\n\t\t\t<div class=\"elementor-widget-wrap elementor-element-populated\">\n\t\t\t\t\t\t<div class=\"elementor-element elementor-element-8aff246 elementor-widget elementor-widget-loquet-service-boxes-widget\" data-id=\"8aff246\" data-element_type=\"widget\" data-widget_type=\"loquet-service-boxes-widget.default\">\n\t\t\t\t<div class=\"elementor-widget-container\">\n\t\t\t\t\t<div class=\"gt-service-boxes gt-style-1 gt-light gt-align-left\"><div class=\"gt-grid gt-grid-1 gt-spacing-0\"><div class=\"gt-grid-col\"><div class=\"gt-sb-header\"><div class=\"gt-right\"><div class=\"gt-subtitle\">Gerne lernen wir euch kennen<\/div><div class=\"gt-title\">Weitere Fragen oder Anliegen?<\/div><\/div><\/div><\/div><\/div><\/div>\t\t\t\t<\/div>\n\t\t\t\t<\/div>\n\t\t\t\t<div class=\"elementor-element elementor-element-dc30e24 elementor-widget elementor-widget-text-editor\" data-id=\"dc30e24\" data-element_type=\"widget\" data-widget_type=\"text-editor.default\">\n\t\t\t\t<div class=\"elementor-widget-container\">\n\t\t\t\t\t\t\t\t\t<p>Kontaktiere uns per Email oder telefonisch. Wir freuen uns von euch zu h\u00f6ren.<br \/><br \/><strong><a href=\"mailto:hello@nova.theater\" target=\"_blank\" rel=\"noopener\">hello@nova.theater<\/a><\/strong><br \/><strong>0435351295<\/strong><\/p>\t\t\t\t\t\t\t\t<\/div>\n\t\t\t\t<\/div>\n\t\t\t\t<div class=\"elementor-element elementor-element-433a107 elementor-widget elementor-widget-spacer\" data-id=\"433a107\" data-element_type=\"widget\" data-widget_type=\"spacer.default\">\n\t\t\t\t<div class=\"elementor-widget-container\">\n\t\t\t\t\t\t\t<div class=\"elementor-spacer\">\n\t\t\t<div class=\"elementor-spacer-inner\"><\/div>\n\t\t<\/div>\n\t\t\t\t\t\t<\/div>\n\t\t\t\t<\/div>\n\t\t\t\t<div class=\"elementor-element elementor-element-dd253b1 elementor-widget elementor-widget-image\" data-id=\"dd253b1\" data-element_type=\"widget\" data-widget_type=\"image.default\">\n\t\t\t\t<div class=\"elementor-widget-container\">\n\t\t\t\t\t\t\t\t\t\t\t\t\t\t\t\t<a href=\"https:\/\/www.lucas-pubquiz-company.ch\/\">\n\t\t\t\t\t\t\t<img decoding=\"async\" width=\"250\" height=\"95\" src=\"https:\/\/2025.nova.theater\/wp-content\/uploads\/2024\/12\/NOVA-Logo-Kombo-black-25-250x95.png\" class=\"attachment-loquet-magazine-3 size-loquet-magazine-3 wp-image-7651\" alt=\"\" srcset=\"https:\/\/2025.nova.theater\/wp-content\/uploads\/2024\/12\/NOVA-Logo-Kombo-black-25-250x95.png 250w, https:\/\/2025.nova.theater\/wp-content\/uploads\/2024\/12\/NOVA-Logo-Kombo-black-25-300x114.png 300w, https:\/\/2025.nova.theater\/wp-content\/uploads\/2024\/12\/NOVA-Logo-Kombo-black-25-1024x388.png 1024w, https:\/\/2025.nova.theater\/wp-content\/uploads\/2024\/12\/NOVA-Logo-Kombo-black-25-768x291.png 768w, https:\/\/2025.nova.theater\/wp-content\/uploads\/2024\/12\/NOVA-Logo-Kombo-black-25-1536x583.png 1536w, https:\/\/2025.nova.theater\/wp-content\/uploads\/2024\/12\/NOVA-Logo-Kombo-black-25-2048x777.png 2048w, https:\/\/2025.nova.theater\/wp-content\/uploads\/2024\/12\/NOVA-Logo-Kombo-black-25-415x157.png 415w, https:\/\/2025.nova.theater\/wp-content\/uploads\/2024\/12\/NOVA-Logo-Kombo-black-25-650x247.png 650w, https:\/\/2025.nova.theater\/wp-content\/uploads\/2024\/12\/NOVA-Logo-Kombo-black-25-600x228.png 600w\" sizes=\"(max-width: 250px) 100vw, 250px\" \/>\t\t\t\t\t\t\t\t<\/a>\n\t\t\t\t\t\t\t\t\t\t\t\t\t\t\t<\/div>\n\t\t\t\t<\/div>\n\t\t\t\t\t<\/div>\n\t\t<\/div>\n\t\t\t\t\t<\/div>\n\t\t<\/section>\n\t\t\t\t<\/div>\n\t\t","protected":false},"excerpt":{"rendered":"<p>\u00d6ffnungszeiten Mittwoch 17 &#8211; 23 UhrDonnerstag, Freitag &amp; Samstag 17 &#8211; 00 Uhr Location &amp; Kontakt Spitalstrasse 1, 8330 Pf\u00e4ffikon ZHhello@nova.theater \/ 044 535 12&#8230;<\/p>\n","protected":false},"author":1,"featured_media":0,"parent":0,"menu_order":0,"comment_status":"closed","ping_status":"closed","template":"","meta":{"footnotes":""},"class_list":["post-4710","page","type-page","status-publish","hentry"],"_links":{"self":[{"href":"https:\/\/2025.nova.theater\/index.php?rest_route=\/wp\/v2\/pages\/4710","targetHints":{"allow":["GET"]}}],"collection":[{"href":"https:\/\/2025.nova.theater\/index.php?rest_route=\/wp\/v2\/pages"}],"about":[{"href":"https:\/\/2025.nova.theater\/index.php?rest_route=\/wp\/v2\/types\/page"}],"author":[{"embeddable":true,"href":"https:\/\/2025.nova.theater\/index.php?rest_route=\/wp\/v2\/users\/1"}],"replies":[{"embeddable":true,"href":"https:\/\/2025.nova.theater\/index.php?rest_route=%2Fwp%2Fv2%2Fcomments&post=4710"}],"version-history":[{"count":25,"href":"https:\/\/2025.nova.theater\/index.php?rest_route=\/wp\/v2\/pages\/4710\/revisions"}],"predecessor-version":[{"id":7762,"href":"https:\/\/2025.nova.theater\/index.php?rest_route=\/wp\/v2\/pages\/4710\/revisions\/7762"}],"wp:attachment":[{"href":"https:\/\/2025.nova.theater\/index.php?rest_route=%2Fwp%2Fv2%2Fmedia&parent=4710"}],"curies":[{"name":"wp","href":"https:\/\/api.w.org\/{rel}","templated":true}]}}