{"id":925,"date":"2021-09-15T21:06:25","date_gmt":"2021-09-15T21:06:25","guid":{"rendered":"https:\/\/demo.gloriathemes.com\/loquet\/demo\/?page_id=925"},"modified":"2025-05-10T07:38:20","modified_gmt":"2025-05-10T07:38:20","slug":"blog-3","status":"publish","type":"page","link":"https:\/\/2025.nova.theater\/?page_id=925","title":{"rendered":"News"},"content":{"rendered":"\t\t<div data-elementor-type=\"wp-page\" data-elementor-id=\"925\" class=\"elementor elementor-925\">\n\t\t\t\t\t\t<section class=\"elementor-section elementor-top-section elementor-element elementor-element-91669be elementor-section-full_width elementor-section-height-default elementor-section-height-default\" data-id=\"91669be\" data-element_type=\"section\">\n\t\t\t\t\t\t<div class=\"elementor-container elementor-column-gap-no\">\n\t\t\t\t\t<div class=\"elementor-column elementor-col-100 elementor-top-column elementor-element elementor-element-6035b80\" data-id=\"6035b80\" data-element_type=\"column\">\n\t\t\t<div class=\"elementor-widget-wrap elementor-element-populated\">\n\t\t\t\t\t\t<div class=\"elementor-element elementor-element-1d83c1d elementor-widget elementor-widget-loquet-blog-widget\" data-id=\"1d83c1d\" data-element_type=\"widget\" data-widget_type=\"loquet-blog-widget.default\">\n\t\t\t\t<div class=\"elementor-widget-container\">\n\t\t\t\t\t<div class=\"gt-article-list\"><div class=\"gt-post-listing gt-style-3 gt-light gt-align-center\"><div class=\"gt-grid gt-grid-3 gt-spacing-20\"><div class=\"gt-grid-col\"><div class=\"gt-item\"><div class=\"gt-image\"><a href=\"https:\/\/2025.nova.theater\/?p=7497\"><img fetchpriority=\"high\" decoding=\"async\" width=\"500\" height=\"500\" src=\"https:\/\/2025.nova.theater\/wp-content\/uploads\/2024\/10\/Gnuss-Cross-Golf-2024-500x500.jpg\" class=\"attachment-loquet-thumbnail-4 size-loquet-thumbnail-4 wp-post-image\" alt=\"Gnuss Cross Golf 2024\" srcset=\"https:\/\/2025.nova.theater\/wp-content\/uploads\/2024\/10\/Gnuss-Cross-Golf-2024-500x500.jpg 500w, https:\/\/2025.nova.theater\/wp-content\/uploads\/2024\/10\/Gnuss-Cross-Golf-2024-150x150.jpg 150w, https:\/\/2025.nova.theater\/wp-content\/uploads\/2024\/10\/Gnuss-Cross-Golf-2024-100x100.jpg 100w, https:\/\/2025.nova.theater\/wp-content\/uploads\/2024\/10\/Gnuss-Cross-Golf-2024-350x350.jpg 350w, https:\/\/2025.nova.theater\/wp-content\/uploads\/2024\/10\/Gnuss-Cross-Golf-2024-650x650.jpg 650w, https:\/\/2025.nova.theater\/wp-content\/uploads\/2024\/10\/Gnuss-Cross-Golf-2024-300x300.jpg 300w\" sizes=\"(max-width: 500px) 100vw, 500px\" \/><\/a><\/div><div class=\"gt-content\"><div class=\"gt-content-inner\"><div class=\"gt-categories\"><ul class=\"post-categories\">\n\t<li><a href=\"https:\/\/2025.nova.theater\/?cat=20\" rel=\"category\">News<\/a><\/li><\/ul><\/div><div class=\"gt-post-header\"><div class=\"gt-title\"><a href=\"https:\/\/2025.nova.theater\/?p=7497\">Das 3te Gnuss Cross Golf 2025<\/a><\/div><div class=\"gt-details\"><ul><li class=\"gt-date\"><span>1. M\u00e4rz 2025<\/span><\/li><\/ul><\/div><\/div><div class=\"gt-excerpt\"><p>9 Holes 9 x Genuss an 9 Standorten quer durch Pf\u00e4ffikon ZH! Das 3. Gnuss-Cross-Golf durch die Gemeinde Pf\u00e4ffikon ZH findet am Sa, 14. Juni 2025 statt. Ein Event  bei dem man nicht nur Spiel und Spass erlebt, sondern auch kulinarisch verw\u00f6hnt wird und die Chance hat, die Gemeinde und ihre Hot-Spots hautnah kennenzulernen. <\/p>\n<\/div><\/div><\/div><\/div><\/div><div class=\"gt-grid-col\"><div class=\"gt-item\"><div class=\"gt-image\"><a href=\"https:\/\/2025.nova.theater\/?p=8198\"><img decoding=\"async\" width=\"500\" height=\"500\" src=\"https:\/\/2025.nova.theater\/wp-content\/uploads\/2025\/05\/Gesellschaftspreis-2025-NOVA-500x500.jpeg\" class=\"attachment-loquet-thumbnail-4 size-loquet-thumbnail-4 wp-post-image\" alt=\"Gesellschaftspreis Pf\u00e4ffikon ZH 2025 - NOVA.\" srcset=\"https:\/\/2025.nova.theater\/wp-content\/uploads\/2025\/05\/Gesellschaftspreis-2025-NOVA-500x500.jpeg 500w, https:\/\/2025.nova.theater\/wp-content\/uploads\/2025\/05\/Gesellschaftspreis-2025-NOVA-300x300.jpeg 300w, https:\/\/2025.nova.theater\/wp-content\/uploads\/2025\/05\/Gesellschaftspreis-2025-NOVA-1024x1024.jpeg 1024w, https:\/\/2025.nova.theater\/wp-content\/uploads\/2025\/05\/Gesellschaftspreis-2025-NOVA-150x150.jpeg 150w, https:\/\/2025.nova.theater\/wp-content\/uploads\/2025\/05\/Gesellschaftspreis-2025-NOVA-768x768.jpeg 768w, https:\/\/2025.nova.theater\/wp-content\/uploads\/2025\/05\/Gesellschaftspreis-2025-NOVA-100x100.jpeg 100w, https:\/\/2025.nova.theater\/wp-content\/uploads\/2025\/05\/Gesellschaftspreis-2025-NOVA-350x350.jpeg 350w, https:\/\/2025.nova.theater\/wp-content\/uploads\/2025\/05\/Gesellschaftspreis-2025-NOVA-650x650.jpeg 650w, https:\/\/2025.nova.theater\/wp-content\/uploads\/2025\/05\/Gesellschaftspreis-2025-NOVA-415x415.jpeg 415w, https:\/\/2025.nova.theater\/wp-content\/uploads\/2025\/05\/Gesellschaftspreis-2025-NOVA-250x250.jpeg 250w, https:\/\/2025.nova.theater\/wp-content\/uploads\/2025\/05\/Gesellschaftspreis-2025-NOVA-600x600.jpeg 600w, https:\/\/2025.nova.theater\/wp-content\/uploads\/2025\/05\/Gesellschaftspreis-2025-NOVA.jpeg 1417w\" sizes=\"(max-width: 500px) 100vw, 500px\" \/><\/a><\/div><div class=\"gt-content\"><div class=\"gt-content-inner\"><div class=\"gt-categories\"><ul class=\"post-categories\">\n\t<li><a href=\"https:\/\/2025.nova.theater\/?cat=20\" rel=\"category\">News<\/a><\/li><\/ul><\/div><div class=\"gt-post-header\"><div class=\"gt-title\"><a href=\"https:\/\/2025.nova.theater\/?p=8198\">NOVA. erh\u00e4lt Gesellschaftspreis 2025<\/a><\/div><div class=\"gt-details\"><ul><li class=\"gt-date\"><span>15. Januar 2025<\/span><\/li><\/ul><\/div><\/div><div class=\"gt-excerpt\"><p>Am Neujahrsap\u00e9ro der Gemeinde wurden wir mit dem Pf\u00e4ffiker Gesellschaftspreis geehrt. \ud83e\udd17 Wir freuen uns riesig \u00fcber die Anerkennung und \u00fcber die Wertsch\u00e4tzung unseres kulturellen Engagements.<\/p>\n<\/div><\/div><\/div><\/div><\/div><div class=\"gt-grid-col\"><div class=\"gt-item\"><div class=\"gt-image\"><a href=\"https:\/\/2025.nova.theater\/?p=7905\"><img decoding=\"async\" width=\"500\" height=\"500\" src=\"https:\/\/2025.nova.theater\/wp-content\/uploads\/2025\/03\/ADVENT-NOVA-500x500.jpeg\" class=\"attachment-loquet-thumbnail-4 size-loquet-thumbnail-4 wp-post-image\" alt=\"NOVA. PopUp am ADVENT in Pf\u00e4ffikon 2024\" srcset=\"https:\/\/2025.nova.theater\/wp-content\/uploads\/2025\/03\/ADVENT-NOVA-500x500.jpeg 500w, https:\/\/2025.nova.theater\/wp-content\/uploads\/2025\/03\/ADVENT-NOVA-150x150.jpeg 150w, https:\/\/2025.nova.theater\/wp-content\/uploads\/2025\/03\/ADVENT-NOVA-100x100.jpeg 100w, https:\/\/2025.nova.theater\/wp-content\/uploads\/2025\/03\/ADVENT-NOVA-350x350.jpeg 350w, https:\/\/2025.nova.theater\/wp-content\/uploads\/2025\/03\/ADVENT-NOVA-650x650.jpeg 650w, https:\/\/2025.nova.theater\/wp-content\/uploads\/2025\/03\/ADVENT-NOVA-300x300.jpeg 300w\" sizes=\"(max-width: 500px) 100vw, 500px\" \/><\/a><\/div><div class=\"gt-content\"><div class=\"gt-content-inner\"><div class=\"gt-categories\"><ul class=\"post-categories\">\n\t<li><a href=\"https:\/\/2025.nova.theater\/?cat=20\" rel=\"category\">News<\/a><\/li><\/ul><\/div><div class=\"gt-post-header\"><div class=\"gt-title\"><a href=\"https:\/\/2025.nova.theater\/?p=7905\">NOVA. am ADVENT in Pf\u00e4ffikon<\/a><\/div><div class=\"gt-details\"><ul><li class=\"gt-date\"><span>31. Dezember 2024<\/span><\/li><\/ul><\/div><\/div><div class=\"gt-excerpt\"><p>In der Adventszeit kommt die Bev\u00f6lkerung in Pf\u00e4ffikon zusammen und geniesst eine festliche und besinnliche Atmosph\u00e4re mit vielf\u00e4ltigen Veranstaltungen im Dorf. Der Verein Advent in Pf\u00e4ffikon organisiert stimmungsvolle Anl\u00e4sse zur Adventszeit und st\u00e4rkt so das lokale Miteinander.<\/p>\n<\/div><\/div><\/div><\/div><\/div><div class=\"gt-grid-col\"><div class=\"gt-item\"><div class=\"gt-image\"><a href=\"https:\/\/2025.nova.theater\/?p=7503\"><img loading=\"lazy\" decoding=\"async\" width=\"500\" height=\"500\" src=\"https:\/\/2025.nova.theater\/wp-content\/uploads\/2024\/10\/Tavolata-NOVA-2024-500x500.jpg\" class=\"attachment-loquet-thumbnail-4 size-loquet-thumbnail-4 wp-post-image\" alt=\"Tavolata per tutti - Seestrasse Pf\u00e4ffikon ZH\" srcset=\"https:\/\/2025.nova.theater\/wp-content\/uploads\/2024\/10\/Tavolata-NOVA-2024-500x500.jpg 500w, https:\/\/2025.nova.theater\/wp-content\/uploads\/2024\/10\/Tavolata-NOVA-2024-150x150.jpg 150w, https:\/\/2025.nova.theater\/wp-content\/uploads\/2024\/10\/Tavolata-NOVA-2024-1200x1200.jpg 1200w, https:\/\/2025.nova.theater\/wp-content\/uploads\/2024\/10\/Tavolata-NOVA-2024-100x100.jpg 100w, https:\/\/2025.nova.theater\/wp-content\/uploads\/2024\/10\/Tavolata-NOVA-2024-350x350.jpg 350w, https:\/\/2025.nova.theater\/wp-content\/uploads\/2024\/10\/Tavolata-NOVA-2024-650x650.jpg 650w, https:\/\/2025.nova.theater\/wp-content\/uploads\/2024\/10\/Tavolata-NOVA-2024-300x300.jpg 300w\" sizes=\"(max-width: 500px) 100vw, 500px\" \/><\/a><\/div><div class=\"gt-content\"><div class=\"gt-content-inner\"><div class=\"gt-categories\"><ul class=\"post-categories\">\n\t<li><a href=\"https:\/\/2025.nova.theater\/?cat=20\" rel=\"category\">News<\/a><\/li><\/ul><\/div><div class=\"gt-post-header\"><div class=\"gt-title\"><a href=\"https:\/\/2025.nova.theater\/?p=7503\">NOVA.Bar an der Tavolata 2024<\/a><\/div><div class=\"gt-details\"><ul><li class=\"gt-date\"><span>31. August 2024<\/span><\/li><\/ul><\/div><\/div><div class=\"gt-excerpt\"><p>Ein Fest f\u00fcr alle Sinne!<br \/>\nDie erste Ausgabe der \"Tavolata per tutti\" fand bei sch\u00f6nstem Sommerwetter auf der Seestrasse in Pf\u00e4ffikon ZH statt und war ein voller Erfolg!<\/p>\n<\/div><\/div><\/div><\/div><\/div><div class=\"gt-grid-col\"><div class=\"gt-item\"><div class=\"gt-image\"><a href=\"https:\/\/2025.nova.theater\/?p=1002\"><img loading=\"lazy\" decoding=\"async\" width=\"500\" height=\"500\" src=\"https:\/\/2025.nova.theater\/wp-content\/uploads\/2021\/09\/IMG_6957-500x500.jpg\" class=\"attachment-loquet-thumbnail-4 size-loquet-thumbnail-4 wp-post-image\" alt=\"NOVA. @REEDS Festival 2024\" srcset=\"https:\/\/2025.nova.theater\/wp-content\/uploads\/2021\/09\/IMG_6957-500x500.jpg 500w, https:\/\/2025.nova.theater\/wp-content\/uploads\/2021\/09\/IMG_6957-150x150.jpg 150w, https:\/\/2025.nova.theater\/wp-content\/uploads\/2021\/09\/IMG_6957-100x100.jpg 100w, https:\/\/2025.nova.theater\/wp-content\/uploads\/2021\/09\/IMG_6957-350x350.jpg 350w, https:\/\/2025.nova.theater\/wp-content\/uploads\/2021\/09\/IMG_6957-650x650.jpg 650w, https:\/\/2025.nova.theater\/wp-content\/uploads\/2021\/09\/IMG_6957-300x300.jpg 300w\" sizes=\"(max-width: 500px) 100vw, 500px\" \/><\/a><\/div><div class=\"gt-content\"><div class=\"gt-content-inner\"><div class=\"gt-categories\"><ul class=\"post-categories\">\n\t<li><a href=\"https:\/\/2025.nova.theater\/?cat=20\" rel=\"category\">News<\/a><\/li><\/ul><\/div><div class=\"gt-post-header\"><div class=\"gt-title\"><a href=\"https:\/\/2025.nova.theater\/?p=1002\">NOVA. @REEDS Festival 2024<\/a><\/div><div class=\"gt-details\"><ul><li class=\"gt-date\"><span>31. Juli 2024<\/span><\/li><\/ul><\/div><\/div><div class=\"gt-excerpt\"><p>Nach unserem Sommerbreak blicken wir nochmals auf\u2019s REEDS Festival zur\u00fcck. Wir hosteten den Kiosk und betrieben die NOVA.Aussenbar. <\/p>\n<\/div><\/div><\/div><\/div><\/div><\/div><\/div><\/div>\t\t\t\t<\/div>\n\t\t\t\t<\/div>\n\t\t\t\t\t<\/div>\n\t\t<\/div>\n\t\t\t\t\t<\/div>\n\t\t<\/section>\n\t\t\t\t<\/div>\n\t\t","protected":false},"excerpt":{"rendered":"<p>News Das 3te Gnuss Cross Golf 2025 1. M\u00e4rz 2025 9 Holes 9 x Genuss an 9 Standorten quer durch Pf\u00e4ffikon ZH! Das 3. Gnuss-Cross-Golf&#8230;<\/p>\n","protected":false},"author":1,"featured_media":0,"parent":0,"menu_order":0,"comment_status":"closed","ping_status":"closed","template":"","meta":{"footnotes":""},"class_list":["post-925","page","type-page","status-publish","hentry"],"_links":{"self":[{"href":"https:\/\/2025.nova.theater\/index.php?rest_route=\/wp\/v2\/pages\/925","targetHints":{"allow":["GET"]}}],"collection":[{"href":"https:\/\/2025.nova.theater\/index.php?rest_route=\/wp\/v2\/pages"}],"about":[{"href":"https:\/\/2025.nova.theater\/index.php?rest_route=\/wp\/v2\/types\/page"}],"author":[{"embeddable":true,"href":"https:\/\/2025.nova.theater\/index.php?rest_route=\/wp\/v2\/users\/1"}],"replies":[{"embeddable":true,"href":"https:\/\/2025.nova.theater\/index.php?rest_route=%2Fwp%2Fv2%2Fcomments&post=925"}],"version-history":[{"count":11,"href":"https:\/\/2025.nova.theater\/index.php?rest_route=\/wp\/v2\/pages\/925\/revisions"}],"predecessor-version":[{"id":8102,"href":"https:\/\/2025.nova.theater\/index.php?rest_route=\/wp\/v2\/pages\/925\/revisions\/8102"}],"wp:attachment":[{"href":"https:\/\/2025.nova.theater\/index.php?rest_route=%2Fwp%2Fv2%2Fmedia&parent=925"}],"curies":[{"name":"wp","href":"https:\/\/api.w.org\/{rel}","templated":true}]}}